k = -7*y - 205, 4*y + 136 = -3*k. Let f = w + y. List the prime factors of f.
2
Suppose 17 = 4*d + 3*g, -3*g = -0*d + d + 7. Suppose -d*p + 504 = -p. What are the prime factors of p?
2, 3
Let g(q) = -5*q + 529. What are the prime factors of g(-7)?
2, 3, 47
Suppose v = 4*c - 1212, 2*c = 5*c + v - 902. Suppose 0 - 4 = -2*t, c = 5*h - 4*t. What are the prime factors of h?
2, 31
Suppose -t = 3*c - 114, t - 5*t = -4*c - 504. Suppose 15*s - 14*s - t = 0. Let g = -49 + s. List the prime factors of g.
2, 37
Suppose -116 = 5*m - u, 0 = 3*m - u + 70 - 0. Let l = 40 + m. What are the prime factors of l?
17
Let p(d) = 10*d**2 - 17*d - 5. What are the prime factors of p(-9)?
2, 479
Suppose 4*m - 4*l = 2*m - 12, 3*m = -3*l + 18. Suppose -m*q - q + p + 427 = 0, -2*q = 3*p - 270. What are the prime factors of q?
3, 47
Suppose -4*u + 2*c + 40 = 6*c, -u - 2*c + 15 = 0. Suppose -2*l - 3*h = h + 26, u*l + 2*h + 25 = 0. List the prime factors of ((-1)/3)/(l/171).
19
List the prime factors of (-3)/((-36)/4220)*24/20.
2, 211
Let y(s) = -3*s - 52. Let q be y(-18). List the prime factors of ((-3)/3 - q) + 333/9.
2, 17
Let g(v) = 148*v + 1. Suppose w - 1 - 2 = -5*h, 5*w + 10 = 0. Let u be g(h). Let o = u + -99. What are the prime factors of o?
2, 5
Let u(f) = 87*f - 24. What are the prime factors of u(6)?
2, 3, 83
Suppose -5*m = 6*k - 2*k - 20, -m + 4*k + 28 = 0. Let j be 7 - 5 - m/(-2). Let l = 16 + j. List the prime factors of l.
2, 11
Suppose -27*y = -9898 - 9488. List the prime factors of y.
2, 359
Let v = -97 - -42. What are the prime factors of 18*v/(-10)*1?
3, 11
Let h(i) = 88*i + 178. List the prime factors of h(5).
2, 3, 103
Let k(s) = -73*s + 1. Let f(o) = 3*o + 14. Let z be f(-5). Let a be k(z). Let y = -38 + a. List the prime factors of y.
2, 3
Let u = 55 + -51. Suppose -u*t - 5*s = -132, -t + 0*s - 5*s = -18. What are the prime factors of t?
2, 19
Let v = -42 - -481. List the prime factors of v.
439
Suppose -p - 3*n + 1 + 4 = 0, 4*p = -3*n + 11. Let u(t) = t - 3. Let k(j) = 2*j - 7. Let s(i) = p*k(i) - 5*u(i). List the prime factors of s(-4).
5
Suppose -123 + 807 = 19*c. Let l = 104 - c. What are the prime factors of l?
2, 17
Let k(p) be the third derivative of 11*p**5/30 - p**3/3 + 2*p**2. List the prime factors of k(-2).
2, 43
Let j(i) = 10*i**3 + 2*i**2 + i + 11. List the prime factors of j(4).
3, 229
Let g(y) = 8*y**2 - 3*y. Suppose -2*z - h + 11 = 0, -4 = 2*z - 5*z + h. List the prime factors of g(z).
3, 7
Let d(p) = 42*p - 42. What are the prime factors of d(9)?
2, 3, 7
Suppose -3*i - 2*l = -10979, -i + 4*l + 7330 = i. What are the prime factors of i?
7, 523
Let l(k) = 5*k**2 + 4*k + 4. Let o be l(-5). Let d = 189 - o. What are the prime factors of d?
2, 5
Suppose 0 = 4*x - 4*a + 5*a - 110, -a + 2 = 0. Suppose -3*z - x = -558. List the prime factors of z.
3, 59
Suppose 5*u - 10*u = -150. Let l = 8 - 14. Let k = l + u. List the prime factors of k.
2, 3
Let p = 13 + -11. Let g(s) = -2*s**2 - 1 + p + 2*s**2 + s**2. List the prime factors of g(3).
2, 5
Suppose -6*i - 12 + 30 = 0. List the prime factors of 6/18 - (-305)/i.
2, 3, 17
Let c be (50/(-2))/(0 - -1). Suppose -5*d - 142 - 158 = 5*q, -3*q + 110 = -2*d. Let t = c - d. What are the prime factors of t?
3, 11
Let u = 90 - -290. List the prime factors of u.
2, 5, 19
What are the prime factors of (-2 + -1)*7/63*-2661?
887
Let t(c) = -c + 14. Let w be t(0). Let u = 52 + w. What are the prime factors of u?
2, 3, 11
Let t(s) be the third derivative of -13/6*s**3 - 7/24*s**4 - 3*s**2 + 0 - 1/120*s**6 + 1/5*s**5 + 0*s. What are the prime factors of t(11)?
31
Suppose 8262 = 11*x - 23792. List the prime factors of x.
2, 31, 47
Suppose -h + 16 = -92. Let z = h - 61. What are the prime factors of z?
47
Let f be 3/(4 + 6/(-2)). What are the prime factors of (-75)/(-9)*f - -1?
2, 13
Suppose 3*d = 2*l - 3 - 2, d = 5*l + 7. Let k(i) = -4*i + 0*i - i. What are the prime factors of k(d)?
3, 5
Suppose -w = 4*a - 52, 5*a = 9*w - 7*w + 65. Suppose 0 = -a*x + 14*x - 111. What are the prime factors of x?
3, 37
Suppose 0 = -q + 193 + 191. List the prime factors of q.
2, 3
Let z = -34 + 45. Suppose 2*h = -2*d + z - 1, -5*h = -2*d - 11. List the prime factors of d.
2
Let y(n) = 93*n - 132. What are the prime factors of y(9)?
3, 5, 47
Let t(n) = n**2 - 4*n - 3. Let h be t(-2). Let y(l) = -l**2 + 9*l + 12. List the prime factors of y(h).
2, 3
Suppose 313*r - 5662 = 311*r. List the prime factors of r.
19, 149
List the prime factors of (-12)/10*(-3 + (-2247)/6).
3, 151
Let l(b) = 19*b - 5*b**3 - 40*b + 1 + 19*b - 4*b**2. Let t be l(-1). Suppose -4 = n, 28 = t*u + 3*n - 52. What are the prime factors of u?
23
Let l = -64 - -69. Suppose 0 = o + 2*o + l*s - 74, 4*s = -o + 27. List the prime factors of o.
23
Let f = -370 + 528. Suppose 0 = 5*b - f - 7. Suppose 3*o = -9 + b. List the prime factors of o.
2
Let i(y) = 297*y - 805. List the prime factors of i(14).
7, 479
Let n = -37 - -37. List the prime factors of 31 + n - (-45)/15.
2, 17
Let i = -15 + 20. Suppose -2*h = -4*y + 22, -2*y + i*y = 4*h + 9. What are the prime factors of (72/21)/(1/y)?
2, 3
Suppose -10406 = -4*x - z, 3*x + 8*z - 7814 = 12*z. What are the prime factors of x?
2, 1301
What are the prime factors of (4 + 1)*(-744)/(-10)?
2, 3, 31
Suppose -13*o + 4260 = -o. List the prime factors of o.
5, 71
Let v(k) be the second derivative of k**6/120 - 19*k**5/120 + 11*k**4/12 + 5*k. Let z(m) be the third derivative of v(m). List the prime factors of z(6).
17
What are the prime factors of 1352 - -6*4/(-12)?
2, 3, 5
Let n be (16/3)/(-8*(-7)/2016). Suppose -5*b - n = -8*b - 3*l, -2*b + 3*l = -133. What are the prime factors of b?
5, 13
Suppose 0*a + t - 44 = -3*a, 2*a - 29 = -t. Suppose 0 = 3*j - 4*m + 3 - 1, 3*j = 3*m - 3. Let y = a + j. What are the prime factors of y?
13
Let j(n) = -n**3 + 6*n**2 + n - 2. Let g be j(6). Suppose -g*t - 2*t + 414 = 0. Suppose -261 + 12 = -4*x - l, -x + t = -2*l. What are the prime factors of x?
3, 7
Suppose 2*l = -5*f - 165, -4*l + l - 2*f = 220. List the prime factors of 1386/l*(-1 - 7/3).
2, 3, 11
Let t be -5 - -7 - 0/(-2). Suppose -2*c + 240 = t*c. What are the prime factors of c?
2, 3, 5
Let x = -43 + 23. Let l = x - -147. List the prime factors of l.
127
Let c = 42 - -62. What are the prime factors of c?
2, 13
Suppose 0 = -4*b + i + 2150, -5*b = i + i - 2694. What are the prime factors of b?
2, 269
Let v be (1 + -2)/((-3)/15). Suppose -i - v - 45 = 0. Let h = i + 74. What are the prime factors of h?
2, 3
Suppose 5*x = 3*y + 25, -2*y - 6 = 4. Let i(o) = 0*o + 31*o**3 + 9*o - x*o**2 - 8*o. What are the prime factors of i(1)?
2, 3, 5
Suppose 3*q = o - 0*o + 20, -4*o = -16. Suppose 4*u - q = 100. List the prime factors of u.
3
Let b = 31 - 26. Let x = 101 + b. List the prime factors of x.
2, 53
Let d = -3 - 1. Let m(n) = 5*n - 8. Let y be m(d). List the prime factors of (y/(-6))/(7/21).
2, 7
Let x(g) = 4*g - 7. Let r be x(3). Let z be 4/(r/((-345)/(-6))). Let b = z - 7. List the prime factors of b.
3, 13
Suppose -a + 0*a - 81 = 0. Let i = -39 - a. List the prime factors of i.
2, 3, 7
Let v be 200/12*6/4. Suppose -r - 3*c - 14 = 0, -v = -4*c + 9*c. List the prime factors of (-60)/(-35)*r*14.
2, 3
Suppose 4*i = 6*i - 510. What are the prime factors of i?
3, 5, 17
Suppose i = -2*j + 344, 0 = -i - 0*j + 3*j + 339. What are the prime factors of i?
2, 3, 19
Suppose -4*y = n - 3287, -2*n + 250*y + 6598 = 246*y. What are the prime factors of n?
5, 659
Let h = -652 + 1304. List the prime factors of h.
2, 163
Let o(s) = 47*s - 122. Let j(c) = 31*c - 81. Let p(d) = 8*j(d) - 5*o(d). List the prime factors of p(15).
157
Suppose 2*c + 0 + 20 = -4*k, 3*k = 4*c + 7. Let a(d) = 2*d**3 - 4*d + 7. Let f be a(c). List the prime factors of f/(-12) - 3/(-12).
3
Let k(g) = 66*g + 105. Let p(n) = 5*n + 8. Let s(i) = -2*k(i) + 27*p(i). List the prime factors of s(17).
3, 19
Let j(p) be the third derivative of 7*p**4/12 + 4*p**3/3 - 6*p**2. What are the prime factors of j(5)?
2, 3, 13
Suppose 2*r - b - 34 = 3*b, 5*r - 50 = 3*b. Suppose 0 = 2*c - r*c + 25. Suppose 2*m + 5*p - 18 = 0, 1 = 2*m - p - c. List the prime factors of m.
2
Suppose 6 = 2*a + 2. Let h(w) = 3*w - 4. Let l be h(a). Suppose 2*o = 4*j + 5*o - 17, l*j - 7 = -o. List the prime factors of j.
2
Let v 